{"id":2471,"date":"2018-08-17T10:44:28","date_gmt":"2018-08-17T07:44:28","guid":{"rendered":"https:\/\/umamekk.ee\/wp-content\/uploads\/2018\/08\/talutoidu-karavani-laat-vorus.jpg"},"modified":"2018-08-17T10:44:28","modified_gmt":"2018-08-17T07:44:28","slug":"talutoidu-karavan-reklaam-142x-189mm-2","status":"inherit","type":"attachment","link":"https:\/\/umamekk.ee\/en\/talutoidu-karavan-reklaam-142x-189mm-2\/","title":{"rendered":"Talutoidu karavan V\u00f5rus"},"author":1,"featured_media":0,"comment_status":"closed","ping_status":"closed","template":"","meta":{"_acf_changed":false,"_et_pb_use_builder":"","_et_pb_old_content":"","_et_gb_content_width":""},"class_list":["post-2471","attachment","type-attachment","status-inherit","hentry"],"acf":[],"yoast_head":"<!-- This site is optimized with the Yoast SEO plugin v27.4 - https:\/\/yoast.com\/product\/yoast-seo-wordpress\/ -->\n<title>Talutoidu karavan V\u00f5rus - Uma Mekk<\/title>\n<meta name=\"robots\" content=\"index, follow, max-snippet:-1, max-image-preview:large, max-video-preview:-1\" \/>\n<link rel=\"canonical\" href=\"https:\/\/umamekk.ee\/en\/talutoidu-karavan-reklaam-142x-189mm-2\/\" \/>\n<meta property=\"og:locale\" content=\"en_US\" \/>\n<meta property=\"og:type\" content=\"article\" \/>\n<meta property=\"og:title\" content=\"Talutoidu karavan V\u00f5rus - Uma Mekk\" \/>\n<meta property=\"og:url\" content=\"https:\/\/umamekk.ee\/en\/talutoidu-karavan-reklaam-142x-189mm-2\/\" \/>\n<meta property=\"og:site_name\" content=\"Uma Mekk\" \/>\n<meta property=\"article:publisher\" content=\"https:\/\/www.facebook.com\/umamekk\" \/>\n<meta property=\"og:image\" content=\"https:\/\/umamekk.ee\/wp-content\/uploads\/2018\/08\/talutoidu-karavani-laat-vorus.jpg\" \/>\n\t<meta property=\"og:image:width\" content=\"1677\" \/>\n\t<meta property=\"og:image:height\" content=\"2259\" \/>\n\t<meta property=\"og:image:type\" content=\"image\/jpeg\" \/>\n<meta name=\"twitter:card\" content=\"summary_large_image\" \/>\n<script type=\"application\/ld+json\" class=\"yoast-schema-graph\">{\"@context\":\"https:\\\/\\\/schema.org\",\"@graph\":[{\"@type\":\"WebPage\",\"@id\":\"https:\\\/\\\/umamekk.ee\\\/en\\\/talutoidu-karavan-reklaam-142x-189mm-2\\\/\",\"url\":\"https:\\\/\\\/umamekk.ee\\\/en\\\/talutoidu-karavan-reklaam-142x-189mm-2\\\/\",\"name\":\"Talutoidu karavan V\u00f5rus - Uma Mekk\",\"isPartOf\":{\"@id\":\"https:\\\/\\\/umamekk.ee\\\/en\\\/#website\"},\"datePublished\":\"2018-08-17T07:44:28+00:00\",\"breadcrumb\":{\"@id\":\"https:\\\/\\\/umamekk.ee\\\/en\\\/talutoidu-karavan-reklaam-142x-189mm-2\\\/#breadcrumb\"},\"inLanguage\":\"en-US\",\"potentialAction\":[{\"@type\":\"ReadAction\",\"target\":[\"https:\\\/\\\/umamekk.ee\\\/en\\\/talutoidu-karavan-reklaam-142x-189mm-2\\\/\"]}]},{\"@type\":\"BreadcrumbList\",\"@id\":\"https:\\\/\\\/umamekk.ee\\\/en\\\/talutoidu-karavan-reklaam-142x-189mm-2\\\/#breadcrumb\",\"itemListElement\":[{\"@type\":\"ListItem\",\"position\":1,\"name\":\"Home\",\"item\":\"https:\\\/\\\/umamekk.ee\\\/en\\\/\"},{\"@type\":\"ListItem\",\"position\":2,\"name\":\"Talutoidu karavan V\u00f5rus\"}]},{\"@type\":\"WebSite\",\"@id\":\"https:\\\/\\\/umamekk.ee\\\/en\\\/#website\",\"url\":\"https:\\\/\\\/umamekk.ee\\\/en\\\/\",\"name\":\"Uma Mekk\",\"description\":\"V\u00f5rumaa p\u00e4ritoluga toidu kaubam\u00e4rgis\",\"publisher\":{\"@id\":\"https:\\\/\\\/umamekk.ee\\\/en\\\/#organization\"},\"potentialAction\":[{\"@type\":\"SearchAction\",\"target\":{\"@type\":\"EntryPoint\",\"urlTemplate\":\"https:\\\/\\\/umamekk.ee\\\/en\\\/?s={search_term_string}\"},\"query-input\":{\"@type\":\"PropertyValueSpecification\",\"valueRequired\":true,\"valueName\":\"search_term_string\"}}],\"inLanguage\":\"en-US\"},{\"@type\":\"Organization\",\"@id\":\"https:\\\/\\\/umamekk.ee\\\/en\\\/#organization\",\"name\":\"Uma Mekk\",\"url\":\"https:\\\/\\\/umamekk.ee\\\/en\\\/\",\"logo\":{\"@type\":\"ImageObject\",\"inLanguage\":\"en-US\",\"@id\":\"https:\\\/\\\/umamekk.ee\\\/en\\\/#\\\/schema\\\/logo\\\/image\\\/\",\"url\":\"https:\\\/\\\/umamekk.ee\\\/wp-content\\\/uploads\\\/2017\\\/09\\\/uma-mekk-logo-big.png\",\"contentUrl\":\"https:\\\/\\\/umamekk.ee\\\/wp-content\\\/uploads\\\/2017\\\/09\\\/uma-mekk-logo-big.png\",\"width\":800,\"height\":1087,\"caption\":\"Uma Mekk\"},\"image\":{\"@id\":\"https:\\\/\\\/umamekk.ee\\\/en\\\/#\\\/schema\\\/logo\\\/image\\\/\"},\"sameAs\":[\"https:\\\/\\\/www.facebook.com\\\/umamekk\"]}]}<\/script>\n<!-- \/ Yoast SEO plugin. -->","yoast_head_json":{"title":"Talutoidu karavan V\u00f5rus - Uma Mekk","robots":{"index":"index","follow":"follow","max-snippet":"max-snippet:-1","max-image-preview":"max-image-preview:large","max-video-preview":"max-video-preview:-1"},"canonical":"https:\/\/umamekk.ee\/en\/talutoidu-karavan-reklaam-142x-189mm-2\/","og_locale":"en_US","og_type":"article","og_title":"Talutoidu karavan V\u00f5rus - Uma Mekk","og_url":"https:\/\/umamekk.ee\/en\/talutoidu-karavan-reklaam-142x-189mm-2\/","og_site_name":"Uma Mekk","article_publisher":"https:\/\/www.facebook.com\/umamekk","og_image":[{"width":1677,"height":2259,"url":"https:\/\/umamekk.ee\/wp-content\/uploads\/2018\/08\/talutoidu-karavani-laat-vorus.jpg","type":"image\/jpeg"}],"twitter_card":"summary_large_image","schema":{"@context":"https:\/\/schema.org","@graph":[{"@type":"WebPage","@id":"https:\/\/umamekk.ee\/en\/talutoidu-karavan-reklaam-142x-189mm-2\/","url":"https:\/\/umamekk.ee\/en\/talutoidu-karavan-reklaam-142x-189mm-2\/","name":"Talutoidu karavan V\u00f5rus - Uma Mekk","isPartOf":{"@id":"https:\/\/umamekk.ee\/en\/#website"},"datePublished":"2018-08-17T07:44:28+00:00","breadcrumb":{"@id":"https:\/\/umamekk.ee\/en\/talutoidu-karavan-reklaam-142x-189mm-2\/#breadcrumb"},"inLanguage":"en-US","potentialAction":[{"@type":"ReadAction","target":["https:\/\/umamekk.ee\/en\/talutoidu-karavan-reklaam-142x-189mm-2\/"]}]},{"@type":"BreadcrumbList","@id":"https:\/\/umamekk.ee\/en\/talutoidu-karavan-reklaam-142x-189mm-2\/#breadcrumb","itemListElement":[{"@type":"ListItem","position":1,"name":"Home","item":"https:\/\/umamekk.ee\/en\/"},{"@type":"ListItem","position":2,"name":"Talutoidu karavan V\u00f5rus"}]},{"@type":"WebSite","@id":"https:\/\/umamekk.ee\/en\/#website","url":"https:\/\/umamekk.ee\/en\/","name":"Uma Mekk","description":"V\u00f5rumaa p\u00e4ritoluga toidu kaubam\u00e4rgis","publisher":{"@id":"https:\/\/umamekk.ee\/en\/#organization"},"potentialAction":[{"@type":"SearchAction","target":{"@type":"EntryPoint","urlTemplate":"https:\/\/umamekk.ee\/en\/?s={search_term_string}"},"query-input":{"@type":"PropertyValueSpecification","valueRequired":true,"valueName":"search_term_string"}}],"inLanguage":"en-US"},{"@type":"Organization","@id":"https:\/\/umamekk.ee\/en\/#organization","name":"Uma Mekk","url":"https:\/\/umamekk.ee\/en\/","logo":{"@type":"ImageObject","inLanguage":"en-US","@id":"https:\/\/umamekk.ee\/en\/#\/schema\/logo\/image\/","url":"https:\/\/umamekk.ee\/wp-content\/uploads\/2017\/09\/uma-mekk-logo-big.png","contentUrl":"https:\/\/umamekk.ee\/wp-content\/uploads\/2017\/09\/uma-mekk-logo-big.png","width":800,"height":1087,"caption":"Uma Mekk"},"image":{"@id":"https:\/\/umamekk.ee\/en\/#\/schema\/logo\/image\/"},"sameAs":["https:\/\/www.facebook.com\/umamekk"]}]}},"description":{"rendered":"<p class=\"attachment\"><a href='https:\/\/umamekk.ee\/wp-content\/uploads\/2018\/08\/talutoidu-karavani-laat-vorus.jpg' title=\"\" data-rl_title=\"\" class=\"rl-gallery-link\" data-rl_caption=\"\" data-rel=\"lightbox-gallery-0\"><img decoding=\"async\" width=\"223\" height=\"300\" src=\"https:\/\/umamekk.ee\/wp-content\/uploads\/2018\/08\/talutoidu-karavani-laat-vorus-223x300.jpg\" class=\"attachment-medium size-medium\" alt=\"\" srcset=\"https:\/\/umamekk.ee\/wp-content\/uploads\/2018\/08\/talutoidu-karavani-laat-vorus-223x300.jpg 223w, https:\/\/umamekk.ee\/wp-content\/uploads\/2018\/08\/talutoidu-karavani-laat-vorus-768x1035.jpg 768w, https:\/\/umamekk.ee\/wp-content\/uploads\/2018\/08\/talutoidu-karavani-laat-vorus-760x1024.jpg 760w, https:\/\/umamekk.ee\/wp-content\/uploads\/2018\/08\/talutoidu-karavani-laat-vorus.jpg 1677w\" sizes=\"(max-width: 223px) 100vw, 223px\" \/><\/a><\/p>\n"},"caption":{"rendered":""},"alt_text":"","media_type":"image","mime_type":"image\/jpeg","media_details":{"width":1677,"height":2259,"file":"2018\/08\/talutoidu-karavani-laat-vorus.jpg","sizes":{"thumbnail":{"file":"talutoidu-karavani-laat-vorus-400x300.jpg","width":400,"height":300,"mime_type":"image\/jpeg","source_url":"https:\/\/umamekk.ee\/wp-content\/uploads\/2018\/08\/talutoidu-karavani-laat-vorus-400x300.jpg"},"medium":{"file":"talutoidu-karavani-laat-vorus-223x300.jpg","width":223,"height":300,"mime_type":"image\/jpeg","source_url":"https:\/\/umamekk.ee\/wp-content\/uploads\/2018\/08\/talutoidu-karavani-laat-vorus-223x300.jpg"},"medium_large":{"file":"talutoidu-karavani-laat-vorus-768x1035.jpg","width":768,"height":1035,"mime_type":"image\/jpeg","source_url":"https:\/\/umamekk.ee\/wp-content\/uploads\/2018\/08\/talutoidu-karavani-laat-vorus-768x1035.jpg"},"large":{"file":"talutoidu-karavani-laat-vorus-760x1024.jpg","width":760,"height":1024,"mime_type":"image\/jpeg","source_url":"https:\/\/umamekk.ee\/wp-content\/uploads\/2018\/08\/talutoidu-karavani-laat-vorus-760x1024.jpg"},"full":{"file":"talutoidu-karavani-laat-vorus.jpg","width":1677,"height":2259,"mime_type":"image\/jpeg","source_url":"https:\/\/umamekk.ee\/wp-content\/uploads\/2018\/08\/talutoidu-karavani-laat-vorus.jpg"}},"image_meta":{"aperture":"0","credit":"","camera":"","caption":"","created_timestamp":"0","copyright":"","focal_length":"0","iso":"0","shutter_speed":"0","title":"Talutoidu karavan-Reklaam 142x 189mm","orientation":"1","keywords":[]}},"post":null,"source_url":"https:\/\/umamekk.ee\/wp-content\/uploads\/2018\/08\/talutoidu-karavani-laat-vorus.jpg","_links":{"self":[{"href":"https:\/\/umamekk.ee\/en\/wp-json\/wp\/v2\/media\/2471","targetHints":{"allow":["GET"]}}],"collection":[{"href":"https:\/\/umamekk.ee\/en\/wp-json\/wp\/v2\/media"}],"about":[{"href":"https:\/\/umamekk.ee\/en\/wp-json\/wp\/v2\/types\/attachment"}],"author":[{"embeddable":true,"href":"https:\/\/umamekk.ee\/en\/wp-json\/wp\/v2\/users\/1"}],"replies":[{"embeddable":true,"href":"https:\/\/umamekk.ee\/en\/wp-json\/wp\/v2\/comments?post=2471"}]}}

Talutoidu karavan Võrus

<!-- This site is optimized with the Yoast SEO plugin v27.4 - https://yoast.com/product/yoast-seo-wordpress/ -->
<title>Talutoidu karavan Võrus - Uma Mekk</title>
<meta name="robots" content="index, follow, max-snippet:-1, max-image-preview:large, max-video-preview:-1" />
<link rel="canonical" href="https://umamekk.ee/en/talutoidu-karavan-reklaam-142x-189mm-2/" />
<meta property="og:locale" content="en_US" />
<meta property="og:type" content="article" />
<meta property="og:title" content="Talutoidu karavan Võrus - Uma Mekk" />
<meta property="og:url" content="https://umamekk.ee/en/talutoidu-karavan-reklaam-142x-189mm-2/" />
<meta property="og:site_name" content="Uma Mekk" />
<meta property="article:publisher" content="https://www.facebook.com/umamekk" />
<meta property="og:image" content="https://umamekk.ee/wp-content/uploads/2018/08/talutoidu-karavani-laat-vorus.jpg" />
	<meta property="og:image:width" content="1677" />
	<meta property="og:image:height" content="2259" />
	<meta property="og:image:type" content="image/jpeg" />
<meta name="twitter:card" content="summary_large_image" />
<script type="application/ld+json" class="yoast-schema-graph">{"@context":"https:\/\/schema.org","@graph":[{"@type":"WebPage","@id":"https:\/\/umamekk.ee\/en\/talutoidu-karavan-reklaam-142x-189mm-2\/","url":"https:\/\/umamekk.ee\/en\/talutoidu-karavan-reklaam-142x-189mm-2\/","name":"Talutoidu karavan Võrus - Uma Mekk","isPartOf":{"@id":"https:\/\/umamekk.ee\/en\/#website"},"datePublished":"2018-08-17T07:44:28+00:00","breadcrumb":{"@id":"https:\/\/umamekk.ee\/en\/talutoidu-karavan-reklaam-142x-189mm-2\/#breadcrumb"},"inLanguage":"en-US","potentialAction":[{"@type":"ReadAction","target":["https:\/\/umamekk.ee\/en\/talutoidu-karavan-reklaam-142x-189mm-2\/"]}]},{"@type":"BreadcrumbList","@id":"https:\/\/umamekk.ee\/en\/talutoidu-karavan-reklaam-142x-189mm-2\/#breadcrumb","itemListElement":[{"@type":"ListItem","position":1,"name":"Home","item":"https:\/\/umamekk.ee\/en\/"},{"@type":"ListItem","position":2,"name":"Talutoidu karavan Võrus"}]},{"@type":"WebSite","@id":"https:\/\/umamekk.ee\/en\/#website","url":"https:\/\/umamekk.ee\/en\/","name":"Uma Mekk","description":"Võrumaa päritoluga toidu kaubamärgis","publisher":{"@id":"https:\/\/umamekk.ee\/en\/#organization"},"potentialAction":[{"@type":"SearchAction","target":{"@type":"EntryPoint","urlTemplate":"https:\/\/umamekk.ee\/en\/?s={search_term_string}"},"query-input":{"@type":"PropertyValueSpecification","valueRequired":true,"valueName":"search_term_string"}}],"inLanguage":"en-US"},{"@type":"Organization","@id":"https:\/\/umamekk.ee\/en\/#organization","name":"Uma Mekk","url":"https:\/\/umamekk.ee\/en\/","logo":{"@type":"ImageObject","inLanguage":"en-US","@id":"https:\/\/umamekk.ee\/en\/#\/schema\/logo\/image\/","url":"https:\/\/umamekk.ee\/wp-content\/uploads\/2017\/09\/uma-mekk-logo-big.png","contentUrl":"https:\/\/umamekk.ee\/wp-content\/uploads\/2017\/09\/uma-mekk-logo-big.png","width":800,"height":1087,"caption":"Uma Mekk"},"image":{"@id":"https:\/\/umamekk.ee\/en\/#\/schema\/logo\/image\/"},"sameAs":["https:\/\/www.facebook.com\/umamekk"]}]}</script>
<!-- / Yoast SEO plugin. -->

Talutoidu karavan Võrus - Uma Mekk

Võrumaa päritoluga toidu kaubamärgis
